2 = -f - 1. Suppose s - 2 = -f. Let a(i) = i - 8*i**3 + 0 + 0. What is a(s)?
-7
Let h(k) be the second derivative of -1/2*k**2 - k + 0 + 1/3*k**3. Calculate h(-2).
-5
Let p(t) = t + 2. Let r be p(-5). Let u be (-1 - r) + 5*2. Let q be 2/8 - (-9)/u. Let h(c) = 6*c**3 + c**2 - 1. Give h(q).
6
Let z(w) be the first derivative of -w**2 + 3*w - 6. Calculate z(2).
-1
Let m = -11 + 15. Let h(b) = b**3 - b**2 - b + 3. Let u(z) = 3*z**3 - 3*z**2 - 3*z + 8. Let f(i) = m*u(i) - 11*h(i). Calculate f(2).
1
Let x(h) = h**2 + 3*h + 1. Let q(a) = 2*a + 10. Let b be q(-7). Let d = 7 + b. Suppose 0 = -0*n + 4*n - 3*k + 25, d*n + 2*k = -6. What is x(n)?
5
Suppose 0*j - 30 = -5*j. Let m(c) = -c + 6. What is m(j)?
0
Let r = 11 + -5. Suppose 2 + r = -4*v. Let g(w) = -2*w**2 - w. Let n(s) = -s**2. Let o(p) = -3*g(p) + 3*n(p). Calculate o(v).
6
Let c(s) be the first derivative of -s**6/120 - s**5/20 + s**4/24 - 2*s**3/3 + s**2/2 + 2. Let w(b) be the second derivative of c(b). Give w(-4).
8
Let f(b) be the second derivative of -1/12*b**4 - b + 5/6*b**3 + 0 - 3/2*b**2. What is f(5)?
-3
Let o(q) = -q**2 + 4*q - 2. Let k = 9 + -9. Suppose k = 5*z + 4*a - 35, -7*z - 2*a + 25 = -2*z. Suppose -14 = -3*u + 3*y + y, z*u - 3*y - 12 = 0. What is o(u)?
2
Let r(b) = -7*b - 3. Let q(w) = 11*w + 5. Let s(g) = 5*q(g) + 8*r(g). Let u(l) = 0 - 1 - 5 + 2*l. Let v be u(4). Give s(v).
-1
Let v(h) be the second derivative of h**4/12 - 4*h**3/3 + h**2/2 + 16*h. Calculate v(7).
-6
Let z(o) = 3*o - 6. Let f(y) be the first derivative of -2*y**2 + 7*y + 4. Let w(g) = 4*f(g) + 5*z(g). Give w(-4).
2
Let g(n) = n**3 - n**2 + 4. Let b be (-6 - -6)*2/4. Calculate g(b).
4
Suppose 4*s + 22 = p, 2*s = -5*p - 0*s. Let y(v) = -v**2 - 3*v**p + 3 + 3*v**2 + 1. Let r be (-2)/(-4) - (-2)/(-4). What is y(r)?
4
Suppose -2*l + 20 = 3*l. Suppose l*q - 6 = 2. Let c(f) = 2*f - 2*f - f + f**3 - f**q - 3*f**2 + 2. What is c(4)?
-2
Suppose 8 = -a + 2*a. Suppose -5*m = -a*m - 15. Let c(x) = x**3 - x**2. Let y(t) = -7*t**3 + t**2 - 2*t - 3. Let l(q) = -6*c(q) - y(q). What is l(m)?
-7
Let w(d) = -d - 4. Let h(o) = o**3 - 3*o**2 - 4*o - 3. Let s be h(4). Let i = s + 6. Suppose 5*y + 28 = -4*t + 9, 5*y = -i*t - 18. Calculate w(y).
-1
Let w(j) = -2*j**2 + 4*j. Let s(t) = -3*t**2 + 3*t. Let v(l) = 3*s(l) - 2*w(l). Calculate v(2).
-18
Suppose -2*a + 3*a + 6 = 5*x, -3*x - 2*a = -14. Let r(b) = b**2 + x*b + 0*b**2 + b - b. Let l = 0 + -3. Determine r(l).
3
Let c(d) = 4*d. Let x(i) = -5*i. Let f(b) = -4*c(b) - 3*x(b). Suppose 0*r - 15 = -r - 3*u, r + 4*u - 19 = 0. Let o = 7 - r. Give f(o).
-4
Let a(n) = -n**2 - n. Let p(s) = -s**2 + 4*s + 4. Let x(l) = 2*a(l) - p(l). Suppose 6 = 2*f + 26. Let h = f + 6. Give x(h).
4
Suppose 0*z = -2*z. Let l(a) be the third derivative of -a**4/24 - a**3 - 2*a**2. Calculate l(z).
-6
Let c(p) = 3*p + 7 + 4 - 24*p - 2 + 5*p**2. Let m(u) = -2*u**2 + 7*u - 3. Let f(w) = 3*c(w) + 8*m(w). What is f(-6)?
9
Let q = -1 + -3. Let w = -2 - q. Let f(r) = r**3 - 4*r**2 + r + 1. Determine f(w).
-5
Suppose -5*g - 27 = -2. Let z(w) = w + 1. Determine z(g).
-4
Let n be (12/(-10))/((-4)/10). Let l(k) = 7 - n*k + 3*k + k. Calculate l(-5).
2
Let r(m) be the second derivative of -m**3/6 + 4*m. Let j(i) = -11*i + 1. Let b(p) = -j(p) + 6*r(p). Give b(-1).
-6
Let h(v) = -v + 2. Let o be h(6). Suppose -5*i - m + 12 = 0, -4*i - m + 2*m = -6. Let q(t) = -10 + 2 + i - t. Determine q(o).
-2
Let a(h) = -11 + h + 2 + h + 8. Suppose 0 = 3*l - 3. What is a(l)?
1
Let i(f) = -f + f - f**2. Suppose -7*l + 2*l - 10 = 0. Calculate i(l).
-4
Let x(c) be the first derivative of c**2/2 - 5*c - 4. Let f = 1 - 8. Let y = -11 - f. Determine x(y).
-9
Let t(k) = -66*k - 3 + 2 + 63*k. Calculate t(1).
-4
Let a(g) = -3*g - 1. Let h(y) = y**2 - 13*y - 2. Let m(b) = 3*b**2 - 38*b - 5. Let k(l) = 17*h(l) - 6*m(l). Let q be k(5). Let r = q + -5. What is a(r)?
-4
Let z(k) = -5*k**2 + 8*k - 32. Let q(a) = -2*a**2 + 3*a - 11. Let g(o) = 8*q(o) - 3*z(o). Let n be 1/(((-5)/4)/(-5)). Suppose -m = n*m. Determine g(m).
8
Let v(i) = -10*i**2 - 4*i + 5. Let b(w) = 10*w**2 + 3*w - 4. Let x(n) = -6*b(n) - 5*v(n). Let q = 4 - 0. Let d(j) = -j + 5. Let u be d(q). Determine x(u).
-9
Let v(s) = s**2 + 3. Let u be v(0). Let z(i) = 0*i**2 + 6*i**2 + 50 - 53 - 5*i - i**u. Let r be (-2)/(-9) + 68/18. Determine z(r).
9
Let g(h) be the third derivative of h**5/60 + 7*h**4/24 + h**3/6 - 5*h**2. Determine g(-6).
-5
Let h = -162 + 163. Let y(q) = q**2 + q - 1. Calculate y(h).
1
Let t(i) = -i + 10. Let c(l) = 15*l + 1. Let q be c(4). Let a = -41 + q. Suppose -5*z + a = -z. Give t(z).
5
Let t(w) = -w + 3. Let s be (-32)/6 + (-1)/(-3). Let r(p) = -p**3 - 5*p**2 + 3*p + 6. Let i be r(s). Let l be (-2)/9 + 43/i. Calculate t(l).
8
Let j(k) = k**2 - 6. Let z = -2 - -2. Let y = 0 + z. Suppose -7*c + 2*c = y. Determine j(c).
-6
Suppose 5*b + 12 = -q, -q - 4*b - 1 - 8 = 0. Let t be (q + -3)/(1/(-1)). Let o(c) = c - 3*c + t*c. Calculate o(-1).
2
Let i = 6 + 2. Suppose -20 = -4*r - 0*r. Let n = i - r. Let v(h) = -h**3 + 2*h**2 + 2*h + 2. Calculate v(n).
-1
Let x be (-1)/(-4) - (-225)/(-20). Let c = -7 - x. Suppose 3*b + j - 5 = 4*b, c*b - 2*j = -18. Let f(s) = -s**3 - 4*s**2 - s + 2. Determine f(b).
6
Suppose -3*a = -2*d + 1, 4*d - 9 = -0*d - a. Suppose -x = 3*z + z + 31, d*z = 5*x - 21. Let t(f) = f**3 + 8*f**2 + f + 8. What is t(z)?
0
Let w(k) = k**2 - 4*k + 1. Let g(z) = z**3 - 4*z**2 - 5*z + 4. Let b be g(5). Give w(b).
1
Suppose -c + 3 = 1. Let s(j) = -c*j**3 - j - 6*j**3 + 2*j**3. Let x = 114 + -115. Determine s(x).
7
Let u = 4 - 6. Let d(b) = -b**3 - 4*b**2 - 2*b + 1. Let n be d(u). Let v(l) = l**3 + 2*l**2 - 2*l + 3. Calculate v(n).
0
Suppose -2*j - 18 = -3*s, -j = -3*s + s + 13. Let o = -11 + s. Let f(z) be the third derivative of -z**4/12 - z**3/2 + 27*z**2. Determine f(o).
3
Suppose i - j = 8, -6*i + 5*j + 24 = -3*i. Let d(f) = f**2 - 6*f - 8. What is d(i)?
8
Let v be 210/(-144) - 6/(-4). Let l(w) be the third derivative of 0*w**3 + 1/120*w**6 - 2*w**2 + 0*w + 0*w**5 - v*w**4 + 0. What is l(-2)?
-6
Let i(o) be the second derivative of o**6/360 - 7*o**5/120 + o**4/12 - o**3/2 + 3*o. Let s(a) be the second derivative of i(a). Calculate s(6).
-4
Suppose 0 = 4*x + 16, 3*u = u - x + 2. Let n = u - 1. Let a(h) = 0*h**2 - 7 + 1 + 6*h - 2*h**2 + n. Give a(4).
-12
Let m(r) = -r**2 - 5*r - 3. Suppose x + 1 = -2*t, -5*x - 5 = -3*t - 0*x. Suppose 8 = -t*p + 2*p. Suppose 2*h - 7*w + 3*w = -16, p*w - 14 = h. What is m(h)?
3
Let g = 3 - 5. Let z(w) = 0 + 0 + 1 - w - 3*w**3 + 2*w**3 - 2*w**2. Let y be z(g). Let h(a) = a - 2. Calculate h(y).
1
Let m(n) = 0 - n**2 - n + 4 - 5. Let z(l) = -l**2 + l + 3. Let j be z(3). Determine m(j).
-7
Suppose 0 = -s - 3 - 0. Let r(u) = -u - 3. Give r(s).
0
Let d = 15 + -11. Let n(b) = 2*b**2 + 8*b + 3. Let s(a) = 3*a**2 + 9*a + 4. Let v(i) = d*n(i) - 3*s(i). Give v(5).
0
Let x(i) be the third derivative of -i**4/8 - i**3/3 - i**2. Let a be (-4)/(-8)*1*6. Let b be (a/2)/((-2)/4). Give x(b).
7
Let n(v) = -7*v**3 + 4*v**2 - 6*v + 4. Let x(f) be the first derivative of -3*f**4/2 + 4*f**3/3 - 5*f**2/2 + 3*f - 3. Let r(j) = 5*n(j) - 6*x(j). Give r(3).
-7
Let t(s) be the third derivative of -s**5/60 + s**4/6 + 5*s**3/6 + 11*s**2. What is t(6)?
-7
Let x(s) = -6*s - s**2 + 0*s - 4*s**2 + 6*s**2 + 6. What is x(4)?
-2
Let g(h) be the third derivative of -h**4/24 + h**3/2 + 3*h**2. Let v(p) = p + 3. Let u be v(-3). Calculate g(u).
3
Suppose 2*x = 4*x. Let w be (1 + 2)/(60/40). Let j(y) = y - 21 + 25 - w*y. Determine j(x).
4
Let k(n) = n - 8. Let p(l) = 2*l + 6. Let w be p(-3). Determine k(w).
-8
Let t = -4 - -5. Let b be (2/(-1))/2*t. Let w(j) = 9*j**2 + 2*j + 1. Determine w(b).
8
Let n(w) be the second derivative of w**5/2 - w**4/12 - 3*w. Let s = 2 + -2. Suppose 0 = -3*c - 2*m - 5, s*c - 3*c = 4*m + 7. Calculate n(c).
-11
Let b(d) be the first derivative of d - 2/3*d**3 - 1 + 3/2*d**2. Calculate b(3).
-8
Let a(t) = 3*t**3 - 1. Suppose -o + 2 - 1 = -n, 0 = 2*n. Let m be a(o). Let c be 4/(2/m)*-1. Let k(v) = v**3 + 3*v**2 - 2*v + 5. Determine k(c).
-3
Suppose 0 = -4*s + 2*h - 78, 107 - 8 = -5*s + 4*h. Let c = 18 + s. Let x(r) = -14*r**2. Calculate x(c).
-14
Let k(t) = -t**3 + 3*t**2 - 2*t. Let j be k(2). Suppose -4*v + v - 6 = j. Let m be v/8 - (-13)/4. Let f(u)